[INFO] cloning repository https://github.com/eliovir/rust-ini
[INFO] running `Command { std: "git" "-c" "credential.helper=" "-c" "credential.helper=/workspace/cargo-home/bin/git-credential-null" "clone" "--bare" "https://github.com/eliovir/rust-ini" "/workspace/cache/git-repos/https%3A%2F%2Fgithub.com%2Feliovir%2Frust-ini", kill_on_drop: false }`
[INFO] [stderr] Cloning into bare repository '/workspace/cache/git-repos/https%3A%2F%2Fgithub.com%2Feliovir%2Frust-ini'...
[INFO] running `Command { std: "git" "rev-parse" "HEAD", kill_on_drop: false }`
[INFO] [stdout] cd847a3104a6a9066fd8b01773c33212f5014cb6
[INFO] checking eliovir/rust-ini against try#72f88fc4e9458f89516a0b8b0868f3718aec5b47 for pr-74989
[INFO] running `Command { std: "git" "clone" "/workspace/cache/git-repos/https%3A%2F%2Fgithub.com%2Feliovir%2Frust-ini" "/workspace/builds/worker-7/source", kill_on_drop: false }`
[INFO] [stderr] Cloning into '/workspace/builds/worker-7/source'...
[INFO] [stderr] done.
[INFO] validating manifest of git repo https://github.com/eliovir/rust-ini on toolchain 72f88fc4e9458f89516a0b8b0868f3718aec5b47
[INFO] running `Command { std: "/workspace/cargo-home/bin/cargo" "+72f88fc4e9458f89516a0b8b0868f3718aec5b47" "read-manifest" "--manifest-path" "Cargo.toml", kill_on_drop: false }`
[INFO] started tweaking git repo https://github.com/eliovir/rust-ini
[INFO] finished tweaking git repo https://github.com/eliovir/rust-ini
[INFO] tweaked toml for git repo https://github.com/eliovir/rust-ini written to /workspace/builds/worker-7/source/Cargo.toml
[INFO] crate git repo https://github.com/eliovir/rust-ini already has a lockfile, it will not be regenerated
[INFO] running `Command { std: "/workspace/cargo-home/bin/cargo" "+72f88fc4e9458f89516a0b8b0868f3718aec5b47" "fetch" "--locked" "--manifest-path" "Cargo.toml", kill_on_drop: false }`
[INFO] [stderr] error: the lock file /workspace/builds/worker-7/source/Cargo.lock needs to be updated but --locked was passed to prevent this
[INFO] [stderr] If you want to try to generate the lock file without accessing the network, use the --offline flag.
[INFO] the lockfile is outdated, regenerating it
[INFO] running `Command { std: "/workspace/cargo-home/bin/cargo" "+72f88fc4e9458f89516a0b8b0868f3718aec5b47" "generate-lockfile" "--manifest-path" "Cargo.toml" "-Zno-index-update", kill_on_drop: false }`
[INFO] running `Command { std: "/workspace/cargo-home/bin/cargo" "+72f88fc4e9458f89516a0b8b0868f3718aec5b47" "fetch" "--locked" "--manifest-path" "Cargo.toml", kill_on_drop: false }`
[INFO] running `Command { std: "docker" "create" "-v" "/var/lib/crater-agent-workspace/builds/worker-7/target:/opt/rustwide/target:rw,Z" "-v" "/var/lib/crater-agent-workspace/builds/worker-7/source:/opt/rustwide/workdir:ro,Z" "-v" "/var/lib/crater-agent-workspace/cargo-home:/opt/rustwide/cargo-home:ro,Z" "-v" "/var/lib/crater-agent-workspace/rustup-home:/opt/rustwide/rustup-home:ro,Z" "-e" "SOURCE_DIR=/opt/rustwide/workdir" "-e" "CARGO_TARGET_DIR=/opt/rustwide/target" "-e" "CARGO_HOME=/opt/rustwide/cargo-home" "-e" "RUSTUP_HOME=/opt/rustwide/rustup-home" "-w" "/opt/rustwide/workdir" "-m" "1610612736" "--user" "0:0" "--network" "none" "rustops/crates-build-env@sha256:d92eaeed33fa75130ca1ee6c8a01d1ffb62bac859dfdfb3450e3e5d1c0146529" "/opt/rustwide/cargo-home/bin/cargo" "+72f88fc4e9458f89516a0b8b0868f3718aec5b47" "metadata" "--no-deps" "--format-version=1", kill_on_drop: false }`
[INFO] [stdout] 3ef9daddf46695652b0630dac1ef42875c25e7d5c8e97aa45c3d6895d4752c14
[INFO] [stderr] WARNING: Your kernel does not support swap limit capabilities or the cgroup is not mounted. Memory limited without swap.
[INFO] running `Command { std: "docker" "start" "-a" "3ef9daddf46695652b0630dac1ef42875c25e7d5c8e97aa45c3d6895d4752c14", kill_on_drop: false }`
[INFO] running `Command { std: "docker" "inspect" "3ef9daddf46695652b0630dac1ef42875c25e7d5c8e97aa45c3d6895d4752c14", kill_on_drop: false }`
[INFO] running `Command { std: "docker" "rm" "-f" "3ef9daddf46695652b0630dac1ef42875c25e7d5c8e97aa45c3d6895d4752c14", kill_on_drop: false }`
[INFO] [stdout] 3ef9daddf46695652b0630dac1ef42875c25e7d5c8e97aa45c3d6895d4752c14
[INFO] running `Command { std: "docker" "create" "-v" "/var/lib/crater-agent-workspace/builds/worker-7/target:/opt/rustwide/target:rw,Z" "-v" "/var/lib/crater-agent-workspace/builds/worker-7/source:/opt/rustwide/workdir:ro,Z" "-v" "/var/lib/crater-agent-workspace/cargo-home:/opt/rustwide/cargo-home:ro,Z" "-v" "/var/lib/crater-agent-workspace/rustup-home:/opt/rustwide/rustup-home:ro,Z" "-e" "SOURCE_DIR=/opt/rustwide/workdir" "-e" "CARGO_TARGET_DIR=/opt/rustwide/target" "-e" "CARGO_INCREMENTAL=0" "-e" "RUST_BACKTRACE=full" "-e" "RUSTFLAGS=--cap-lints=forbid" "-e" "CARGO_HOME=/opt/rustwide/cargo-home" "-e" "RUSTUP_HOME=/opt/rustwide/rustup-home" "-w" "/opt/rustwide/workdir" "-m" "1610612736" "--user" "0:0" "--network" "none" "rustops/crates-build-env@sha256:d92eaeed33fa75130ca1ee6c8a01d1ffb62bac859dfdfb3450e3e5d1c0146529" "/opt/rustwide/cargo-home/bin/cargo" "+72f88fc4e9458f89516a0b8b0868f3718aec5b47" "check" "--frozen" "--all" "--all-targets" "--message-format=json", kill_on_drop: false }`
[INFO] [stdout] 4feaa867d2b1e1f4aaceb19ba83e47cfff8ff9fa3afb7c44929c9c34d74abcc2
[INFO] [stderr] WARNING: Your kernel does not support swap limit capabilities or the cgroup is not mounted. Memory limited without swap.
[INFO] running `Command { std: "docker" "start" "-a" "4feaa867d2b1e1f4aaceb19ba83e47cfff8ff9fa3afb7c44929c9c34d74abcc2", kill_on_drop: false }`
[INFO] [stderr]     Checking log v0.4.11
[INFO] [stderr]     Checking log v0.3.9
[INFO] [stderr]     Checking inifile v0.1.0 (/opt/rustwide/workdir)
[INFO] [stdout] error: use of unstable library feature 'test': `bench` is a part of custom test frameworks which are unstable
[INFO] [stdout]  --> src/bench.rs:9:3
[INFO] [stdout]   |
[INFO] [stdout] 9 | #[bench]
[INFO] [stdout]   |   ^^^^^
[INFO] [stdout]   |
[INFO] [stdout]   = note: `#[deny(soft_unstable)]` on by default
[INFO] [stdout]   = warning: this was previously accepted by the compiler but is being phased out; it will become a hard error in a future release!
[INFO] [stdout]   = note: for more information, see issue #64266 <https://github.com/rust-lang/rust/issues/64266>
[INFO] [stdout] 
[INFO] [stdout] 
[INFO] [stdout] error[E0658]: use of unstable library feature 'test'
[INFO] [stdout]  --> src/bench.rs:3:1
[INFO] [stdout]   |
[INFO] [stdout] 3 | extern crate test;
[INFO] [stdout]   | ^^^^^^^^^^^^^^^^^^
[INFO] [stdout]   |
[INFO] [stdout]   = note: see issue #50297 <https://github.com/rust-lang/rust/issues/50297> for more information
[INFO] [stdout]   = help: add `#![feature(test)]` to the crate attributes to enable
[INFO] [stdout] 
[INFO] [stdout] 
[INFO] [stdout] error[E0658]: use of unstable library feature 'test'
[INFO] [stdout]  --> src/bench.rs:4:5
[INFO] [stdout]   |
[INFO] [stdout] 4 | use test::Bencher;
[INFO] [stdout]   |     ^^^^^^^^^^^^^
[INFO] [stdout]   |
[INFO] [stdout]   = note: see issue #50297 <https://github.com/rust-lang/rust/issues/50297> for more information
[INFO] [stdout]   = help: add `#![feature(test)]` to the crate attributes to enable
[INFO] [stdout] 
[INFO] [stdout] 
[INFO] [stdout] error[E0658]: use of unstable library feature 'test'
[INFO] [stdout]   --> src/bench.rs:10:26
[INFO] [stdout]    |
[INFO] [stdout] 10 | fn bench_inifile(b: &mut Bencher) {
[INFO] [stdout]    |                          ^^^^^^^
[INFO] [stdout]    |
[INFO] [stdout]    = note: see issue #50297 <https://github.com/rust-lang/rust/issues/50297> for more information
[INFO] [stdout]    = help: add `#![feature(test)]` to the crate attributes to enable
[INFO] [stdout] 
[INFO] [stdout] 
[INFO] [stdout] error[E0658]: use of unstable library feature 'test'
[INFO] [stdout]   --> src/bench.rs:11:4
[INFO] [stdout]    |
[INFO] [stdout] 11 |     b.iter(|| {
[INFO] [stdout]    |       ^^^^
[INFO] [stdout]    |
[INFO] [stdout]    = note: see issue #50297 <https://github.com/rust-lang/rust/issues/50297> for more information
[INFO] [stdout]    = help: add `#![feature(test)]` to the crate attributes to enable
[INFO] [stdout] 
[INFO] [stdout] 
[INFO] [stdout] error: aborting due to 5 previous errors
[INFO] [stdout] 
[INFO] [stdout] 
[INFO] [stdout] For more information about this error, try `rustc --explain E0658`.
[INFO] [stdout] 
[INFO] [stderr] error: could not compile `inifile`.
[INFO] [stderr] 
[INFO] [stderr] To learn more, run the command again with --verbose.
[INFO] running `Command { std: "docker" "inspect" "4feaa867d2b1e1f4aaceb19ba83e47cfff8ff9fa3afb7c44929c9c34d74abcc2", kill_on_drop: false }`
[INFO] running `Command { std: "docker" "rm" "-f" "4feaa867d2b1e1f4aaceb19ba83e47cfff8ff9fa3afb7c44929c9c34d74abcc2", kill_on_drop: false }`
[INFO] [stdout] 4feaa867d2b1e1f4aaceb19ba83e47cfff8ff9fa3afb7c44929c9c34d74abcc2
